eatest common factor of 265 and 30?
5
What is the highest common factor of 1446 and 6?
6
What is the greatest common factor of 23 and 1403?
23
What is the highest common factor of 427 and 305?
61
Calculate the greatest common factor of 60 and 996.
12
Calculate the highest common divisor of 72 and 2760.
24
Calculate the greatest common factor of 24 and 1908.
12
What is the highest common divisor of 10 and 155?
5
What is the highest common divisor of 666 and 777?
111
Calculate the greatest common divisor of 48 and 168.
24
What is the greatest common factor of 712 and 4?
4
Calculate the greatest common factor of 85 and 40.
5
Calculate the greatest common divisor of 1600 and 1060.
20
Calculate the highest common factor of 138 and 3.
3
What is the highest common factor of 2569 and 4771?
367
Calculate the highest common factor of 207 and 2346.
69
What is the greatest common divisor of 129 and 301?
43
What is the greatest common factor of 1922 and 124?
62
What is the highest common factor of 16 and 304?
16
Calculate the highest common factor of 27 and 648.
27
Calculate the highest common factor of 96 and 93.
3
Calculate the highest common factor of 804 and 24.
12
Calculate the highest common factor of 418 and 608.
38
What is the highest common factor of 1 and 2?
1
Calculate the greatest common factor of 116 and 4.
4
Calculate the highest common divisor of 440 and 385.
55
What is the greatest common divisor of 228 and 304?
76
What is the highest common factor of 675 and 625?
25
What is the greatest common factor of 3471 and 178?
89
What is the greatest common factor of 72 and 40?
8
What is the highest common factor of 103 and 4017?
103
What is the highest common factor of 182 and 7?
7
What is the greatest common divisor of 1806 and 231?
21
Calculate the greatest common divisor of 184 and 2.
2
Calculate the greatest common factor of 154 and 28.
14
Calculate the greatest common factor of 42 and 2394.
42
What is the highest common factor of 23 and 50117?
23
Calculate the highest common divisor of 6574 and 38.
38
Calculate the highest common factor of 11 and 32.
1
What is the greatest common divisor of 80 and 176?
16
What is the greatest common divisor of 404 and 101404?
404
Calculate the highest common factor of 3036 and 88.
44
What is the greatest common factor of 22 and 11?
11
What is the highest common divisor of 671 and 122?
61
What is the greatest common divisor of 2860 and 104?
52
Calculate the highest common divisor of 81 and 1476.
9
Calculate the highest common factor of 110 and 70.
10
Calculate the greatest common factor of 105 and 63.
21
Calculate the greatest common divisor of 312 and 364.
52
Calculate the highest common divisor of 7107 and 138.
69
What is the highest common divisor of 11 and 10021?
11
What is the highest common factor of 2132 and 91?
13
What is the highest common divisor of 648 and 18?
18
Calculate the greatest common factor of 124 and 1333.
31
Calculate the greatest common divisor of 648 and 336.
24
What is the highest common divisor of 88 and 232?
8
What is the greatest common divisor of 172 and 774?
86
What is the highest common factor of 196 and 3234?
98
Calculate the highest common divisor of 44 and 572.
44
Calculate the greatest common divisor of 4 and 108.
4
Calculate the greatest common divisor of 390 and 312.
78
Calculate the highest common factor of 5 and 7.
1
What is the highest common divisor of 48 and 30?
6
Calculate the greatest common factor of 48 and 160.
16
What is the highest common factor of 245 and 14994?
49
What is the greatest common divisor of 46 and 414?
46
What is the greatest common factor of 264 and 198?
66
What is the greatest common divisor of 5 and 19835?
5
What is the greatest common factor of 24 and 84?
12
Calculate the greatest common factor of 39 and 4719.
39
Calculate the greatest common factor of 42 and 114.
6
What is the highest common divisor of 116 and 60?
4
Calculate the highest common factor of 219 and 1168.
73
Calculate the highest common divisor of 2291 and 29.
29
What is the highest common factor of 45 and 265?
5
Calculate the highest common divisor of 116 and 6032.
116
Calculate the greatest common divisor of 240 and 330.
30
What is the greatest common divisor of 11 and 1221?
11
Calculate the greatest common divisor of 270 and 297.
27
What is the highest common factor of 198 and 220?
22
Calculate the greatest common divisor of 745 and 5.
5
What is the highest common divisor of 10 and 120?
10
Calculate the highest common factor of 2231 and 23.
23
What is the highest common divisor of 385 and 44?
11
Calculate the highest common divisor of 52 and 91.
13
What is the highest common divisor of 54 and 3186?
54
What is the highest common divisor of 52724 and 196?
196
Calculate the highest common divisor of 57 and 15.
3
Calculate the greatest common factor of 7840 and 1440.
160
Calculate the greatest common divisor of 3429 and 127.
127
What is the greatest common factor of 20 and 20?
20
What is the greatest common divisor of 3232 and 303?
101
Calculate the highest common divisor of 21 and 3654.
21
Calculate the greatest common divisor of 994 and 213.
71
Calculate the highest common factor of 84 and 11508.
84
What is the greatest common divisor of 58 and 145?
29
Calculate the highest common divisor of 9710 and 10.
10
Calculate the highest common factor of 48 and 2976.
48
What is the highest common divisor of 58 and 8?
2
What is the highest common divisor of 72 and 4?
4
What is the highest common divisor of 63 and 1071?
63
What is the greatest common factor of 180 and 3555?
45
What is the greatest common divisor of 510 and 45?
15
What is the greatest common factor of 79304 and 431?
431
What is the greatest common factor of 4 and 52?
4
What is the highest common divisor of 60 and 735?
15
What is the greatest common factor of 101 and 6565?
101
Calculate the greatest common divisor of 5544 and 42.
42
What is the greatest common factor of 19 and 7809?
19
What is the highest common divisor of 108 and 900?
36
What is the highest common factor of 888 and 1443?
111
What is the highest common factor of 23 and 253?
23
What is the highest common factor of 29 and 348?
29
Calculate the highest common factor of 18178 and 122.
122
What is the greatest common factor of 84 and 876?
12
What is the greatest common factor of 192 and 300?
12
Calculate the greatest common divisor of 128 and 2048.
128
What is the highest common factor of 140 and 3220?
140
Calculate the highest common divisor of 2240 and 1820.
140
What is the highest common divisor of 128 and 104?
8
What is the greatest common factor of 8616 and 192?
24
What is the highest common divisor of 108 and 60?
12
Calculate the highest common divisor of 656 and 60.
4
What is the greatest common factor of 469 and 268?
67
Calculate the greatest common factor of 79 and 8611.
79
Calculate the highest common divisor of 270 and 162.
54
Calculate the greatest common divisor of 25 and 800.
25
Calculate the highest common divisor of 324 and 1188.
108
Calculate the greatest common factor of 272 and 646.
34
Calculate the greatest common divisor of 102 and 48.
6
What is the highest common factor of 24 and 204?
12
What is the highest common factor of 8601 and 244?
61
What is the greatest common factor of 255 and 330?
15
What is the highest common factor of 1208 and 3473?
151
Calculate the greatest common factor of 23 and 529.
23
Calculate the greatest common divisor of 95 and 361.
19
What is the greatest common divisor of 14 and 518?
14
Calculate the greatest common factor of 6 and 162.
6
Calculate the highest common divisor of 981 and 63.
9
Calculate the highest common factor of 1694 and 112.
14
Calculate the greatest common divisor of 18095 and 658.
329
Calculate the greatest common divisor of 128 and 336.
16
Calculate the highest common factor of 3825 and 221.
17
What is the highest common divisor of 26 and 32?
2
What is the highest common factor of 45 and 8865?
45
Calculate the highest common factor of 3048 and 24.
24
Calculate the greatest common divisor of 126 and 4086.
18
What is the greatest common factor of 578 and 85?
17
Calculate the highest common divisor of 1830 and 1281.
183
What is the highest common divisor of 320 and 1088?
64
Calculate the greatest 